{"id":7266,"date":"2021-02-01T21:00:23","date_gmt":"2021-02-02T03:00:23","guid":{"rendered":"https:\/\/proyectocitrino.com\/wp-content\/uploads\/2021\/02\/portadaFAMILIA_PEQ.png"},"modified":"2025-02-16T10:48:36","modified_gmt":"2025-02-16T16:48:36","slug":"portadafamilia_peq","status":"inherit","type":"attachment","link":"https:\/\/proyectocitrino.com\/index.php\/nuestro-catalogo\/portadafamilia_peq\/","title":{"rendered":"FAMILIA, de Patricia Araya"},"author":1,"featured_media":0,"comment_status":"closed","ping_status":"closed","template":"","meta":{"om_disable_all_campaigns":false,"_monsterinsights_skip_tracking":false,"_monsterinsights_sitenote_active":false,"_monsterinsights_sitenote_note":"","_monsterinsights_sitenote_category":0},"class_list":["post-7266","attachment","type-attachment","status-inherit","hentry"],"jetpack_sharing_enabled":true,"description":{"rendered":"<p class=\"attachment\"><a href=\"https:\/\/i0.wp.com\/proyectocitrino.com\/wp-content\/uploads\/2021\/02\/portadaFAMILIA_PEQ.png?ssl=1\"><img loading=\"lazy\" decoding=\"async\" width=\"300\" height=\"298\" src=\"https:\/\/i0.wp.com\/proyectocitrino.com\/wp-content\/uploads\/2021\/02\/portadaFAMILIA_PEQ.png?fit=300%2C298&amp;ssl=1\" class=\"attachment-medium size-medium\" alt=\"\" srcset=\"https:\/\/i0.wp.com\/proyectocitrino.com\/wp-content\/uploads\/2021\/02\/portadaFAMILIA_PEQ.png?w=517&amp;ssl=1 517w, https:\/\/i0.wp.com\/proyectocitrino.com\/wp-content\/uploads\/2021\/02\/portadaFAMILIA_PEQ.png?resize=300%2C298&amp;ssl=1 300w, https:\/\/i0.wp.com\/proyectocitrino.com\/wp-content\/uploads\/2021\/02\/portadaFAMILIA_PEQ.png?resize=150%2C150&amp;ssl=1 150w, https:\/\/i0.wp.com\/proyectocitrino.com\/wp-content\/uploads\/2021\/02\/portadaFAMILIA_PEQ.png?resize=250%2C249&amp;ssl=1 250w, https:\/\/i0.wp.com\/proyectocitrino.com\/wp-content\/uploads\/2021\/02\/portadaFAMILIA_PEQ.png?resize=100%2C100&amp;ssl=1 100w\" sizes=\"auto, (max-width: 300px) 100vw, 300px\" \/><\/a><\/p>\n<p>FAMILIA es una tierna historia ilustrada sobre un gatito perdido en el campo.  \u00c9l desea encontrar a su mam\u00e1 y, aunque la soledad y el miedo lo invaden, est\u00e1 decidido a reunirse con su familia.  En el camino, se encuentra con una vaquita muy amable que le ayuda en su b\u00fasqueda. <\/p>\n<p>Este lindo cuento nos brinda una ense\u00f1anza muy importante sobre las familias.<\/p>\n<p>Pulse la imagen siguiente para acceder a una vista previa del libro. Para moverse por \u00e9l, arrastre las puntas de las p\u00e1ginas.<\/p>\n<p><strong><a href=\"https:\/\/proyectocitrino.com\/turnjs4\/samples\/familia\/index.html\" rel=\"noopener noreferrer\" target=\"_blank\"><img data-recalc-dims=\"1\" decoding=\"async\" src=\"https:\/\/i0.wp.com\/proyectocitrino.com\/wp-content\/uploads\/2020\/06\/libro_preview_peq.png?w=1110&#038;ssl=1\" alt=\"\" \/><\/a><\/strong> <\/p>\n<p><strong>Este libro est\u00e1 disponible en nuestra TIENDA VIRTUAL (toque la imagen para ir a ella):<\/strong> <a href=\"https:\/\/proyectocitrino.com\/index.php\/tienda\/\" rel=\"noopener noreferrer\" target=\"_blank\"><img data-recalc-dims=\"1\" decoding=\"async\" src=\"https:\/\/i0.wp.com\/proyectocitrino.com\/wp-content\/uploads\/2020\/06\/catori-en-tienda_peq.png?w=1110&#038;ssl=1\" alt=\"\" \/><\/a>.<\/p>\n"},"caption":{"rendered":"<p>Una bella historia sobre el amor en las familias<\/p>\n"},"alt_text":"","media_type":"image","mime_type":"image\/png","media_details":{"width":517,"height":514,"file":"2021\/02\/portadaFAMILIA_PEQ.png","sizes":{"medium":{"file":"portadaFAMILIA_PEQ-300x298.png","width":300,"height":298,"mime_type":"image\/png","source_url":"https:\/\/i0.wp.com\/proyectocitrino.com\/wp-content\/uploads\/2021\/02\/portadaFAMILIA_PEQ.png?fit=300%2C298&ssl=1"},"thumbnail":{"file":"portadaFAMILIA_PEQ-150x150.png","width":150,"height":150,"mime_type":"image\/png","source_url":"https:\/\/i0.wp.com\/proyectocitrino.com\/wp-content\/uploads\/2021\/02\/portadaFAMILIA_PEQ.png?resize=150%2C150&ssl=1"},"featured-slide":{"file":"portadaFAMILIA_PEQ-517x200.png","width":517,"height":200,"mime_type":"image\/png","source_url":"https:\/\/i0.wp.com\/proyectocitrino.com\/wp-content\/uploads\/2021\/02\/portadaFAMILIA_PEQ.png?resize=517%2C200&ssl=1"},"featured-slide-thumb":{"file":"portadaFAMILIA_PEQ-250x249.png","width":250,"height":249,"mime_type":"image\/png","source_url":"https:\/\/i0.wp.com\/proyectocitrino.com\/wp-content\/uploads\/2021\/02\/portadaFAMILIA_PEQ.png?fit=250%2C249&ssl=1"},"woocommerce_thumbnail":{"file":"portadaFAMILIA_PEQ-300x298.png","width":300,"height":298,"uncropped":true,"mime_type":"image\/png","source_url":"https:\/\/i0.wp.com\/proyectocitrino.com\/wp-content\/uploads\/2021\/02\/portadaFAMILIA_PEQ.png?fit=300%2C298&ssl=1"},"woocommerce_gallery_thumbnail":{"file":"portadaFAMILIA_PEQ-100x100.png","width":100,"height":100,"mime_type":"image\/png","source_url":"https:\/\/i0.wp.com\/proyectocitrino.com\/wp-content\/uploads\/2021\/02\/portadaFAMILIA_PEQ.png?resize=100%2C100&ssl=1"},"shop_catalog":{"file":"portadaFAMILIA_PEQ-300x298.png","width":300,"height":298,"mime_type":"image\/png","source_url":"https:\/\/proyectocitrino.com\/wp-content\/uploads\/2021\/02\/portadaFAMILIA_PEQ-300x298.png"},"shop_thumbnail":{"file":"portadaFAMILIA_PEQ-100x100.png","width":100,"height":100,"mime_type":"image\/png","source_url":"https:\/\/proyectocitrino.com\/wp-content\/uploads\/2021\/02\/portadaFAMILIA_PEQ-100x100.png"},"full":{"file":"portadaFAMILIA_PEQ.png?fit=517%2C514&ssl=1","width":517,"height":514,"mime_type":"image\/png","source_url":"https:\/\/i0.wp.com\/proyectocitrino.com\/wp-content\/uploads\/2021\/02\/portadaFAMILIA_PEQ.png?fit=517%2C514&ssl=1"}},"image_meta":{"aperture":"0","credit":"","camera":"","caption":"","created_timestamp":"0","copyright":"","focal_length":"0","iso":"0","shutter_speed":"0","title":"","orientation":"0","keywords":[]}},"post":24,"source_url":"https:\/\/proyectocitrino.com\/wp-content\/uploads\/2021\/02\/portadaFAMILIA_PEQ.png","_links":{"self":[{"href":"https:\/\/proyectocitrino.com\/index.php\/wp-json\/wp\/v2\/media\/7266","targetHints":{"allow":["GET"]}}],"collection":[{"href":"https:\/\/proyectocitrino.com\/index.php\/wp-json\/wp\/v2\/media"}],"about":[{"href":"https:\/\/proyectocitrino.com\/index.php\/wp-json\/wp\/v2\/types\/attachment"}],"author":[{"embeddable":true,"href":"https:\/\/proyectocitrino.com\/index.php\/wp-json\/wp\/v2\/users\/1"}],"replies":[{"embeddable":true,"href":"https:\/\/proyectocitrino.com\/index.php\/wp-json\/wp\/v2\/comments?post=7266"}]}}

<p class="attachment"><a href="https://i0.wp.com/proyectocitrino.com/wp-content/uploads/2021/02/portadaFAMILIA_PEQ.png?ssl=1"><img loading="lazy" decoding="async" width="300" height="298" src="https://i0.wp.com/proyectocitrino.com/wp-content/uploads/2021/02/portadaFAMILIA_PEQ.png?fit=300%2C298&amp;ssl=1" class="attachment-medium size-medium" alt="" srcset="https://i0.wp.com/proyectocitrino.com/wp-content/uploads/2021/02/portadaFAMILIA_PEQ.png?w=517&amp;ssl=1 517w, https://i0.wp.com/proyectocitrino.com/wp-content/uploads/2021/02/portadaFAMILIA_PEQ.png?resize=300%2C298&amp;ssl=1 300w, https://i0.wp.com/proyectocitrino.com/wp-content/uploads/2021/02/portadaFAMILIA_PEQ.png?resize=150%2C150&amp;ssl=1 150w, https://i0.wp.com/proyectocitrino.com/wp-content/uploads/2021/02/portadaFAMILIA_PEQ.png?resize=250%2C249&amp;ssl=1 250w, https://i0.wp.com/proyectocitrino.com/wp-content/uploads/2021/02/portadaFAMILIA_PEQ.png?resize=100%2C100&amp;ssl=1 100w" sizes="auto, (max-width: 300px) 100vw, 300px" /></a></p>
<p>FAMILIA es una tierna historia ilustrada sobre un gatito perdido en el campo.  Él desea encontrar a su mamá y, aunque la soledad y el miedo lo invaden, está decidido a reunirse con su familia.  En el camino, se encuentra con una vaquita muy amable que le ayuda en su búsqueda. </p>
<p>Este lindo cuento nos brinda una enseñanza muy importante sobre las familias.</p>
<p>Pulse la imagen siguiente para acceder a una vista previa del libro. Para moverse por él, arrastre las puntas de las páginas.</p>
<p><strong><a href="https://proyectocitrino.com/turnjs4/samples/familia/index.html" rel="noopener noreferrer" target="_blank"><img data-recalc-dims="1" decoding="async" src="https://i0.wp.com/proyectocitrino.com/wp-content/uploads/2020/06/libro_preview_peq.png?w=1110&#038;ssl=1" alt="" /></a></strong> </p>
<p><strong>Este libro está disponible en nuestra TIENDA VIRTUAL (toque la imagen para ir a ella):</strong> <a href="https://proyectocitrino.com/index.php/tienda/" rel="noopener noreferrer" target="_blank"><img data-recalc-dims="1" decoding="async" src="https://i0.wp.com/proyectocitrino.com/wp-content/uploads/2020/06/catori-en-tienda_peq.png?w=1110&#038;ssl=1" alt="" /></a>.</p>
