{"id":280,"date":"2018-12-06T17:06:17","date_gmt":"2018-12-06T23:06:17","guid":{"rendered":"https:\/\/proyectocitrino.com\/?page_id=280"},"modified":"2020-05-30T10:26:09","modified_gmt":"2020-05-30T16:26:09","slug":"biblioteca-de-recursos","status":"publish","type":"page","link":"https:\/\/proyectocitrino.com\/index.php\/biblioteca-de-recursos\/","title":{"rendered":"Biblioteca de recursos"},"content":{"rendered":"\n<p>Aqu\u00ed encontrar\u00e1 varios recursos \u00fatiles en la promoci\u00f3n de la lectura.<br><\/p>\n\n\n\n<figure class=\"wp-block-audio\"><audio controls src=\"https:\/\/proyectocitrino.com\/wp-content\/uploads\/2018\/12\/05-Ratas.mp3\"><\/audio><figcaption>Cuento &#8220;Ratas&#8221;, de Jos\u00e9 Roberto Saravia. Publicado en&nbsp;<em>Instantes tenebrosos: Microrrelatos perturbadores<\/em> (2018).&nbsp; Narraci\u00f3n por Daniela Barrantes.<\/figcaption><\/figure>\n\n\n\n<div class=\"wp-block-button\"><a class=\"wp-block-button__link\" href=\"https:\/\/proyectocitrino.com\/index.php\/nuestro-catalogo\/\">Nuestro cat\u00e1logo<br><\/a><\/div>\n\n\n\n<p><\/p>\n\n\n\n<div class=\"wp-block-file\"><a href=\"https:\/\/proyectocitrino.com\/wp-content\/uploads\/2018\/12\/La-ciudad-de-los-templos-destruidos.pdf\" class=\"wp-block-file__button\" download>Descarga &#8220;La ciudad de los templos destruidos&#8221; (cuento)<br><\/a><\/div>\n\n\n\n<p><\/p>\n","protected":false},"excerpt":{"rendered":"<p>Aqu\u00ed encontrar\u00e1 varios recursos \u00fatiles en la promoci\u00f3n de la lectura.<\/p>\n","protected":false},"author":1,"featured_media":0,"parent":0,"menu_order":0,"comment_status":"closed","ping_status":"closed","template":"","meta":{"om_disable_all_campaigns":false,"_monsterinsights_skip_tracking":false,"_monsterinsights_sitenote_active":false,"_monsterinsights_sitenote_note":"","_monsterinsights_sitenote_category":0,"footnotes":""},"class_list":["post-280","page","type-page","status-publish","hentry"],"jetpack_sharing_enabled":true,"_links":{"self":[{"href":"https:\/\/proyectocitrino.com\/index.php\/wp-json\/wp\/v2\/pages\/280","targetHints":{"allow":["GET"]}}],"collection":[{"href":"https:\/\/proyectocitrino.com\/index.php\/wp-json\/wp\/v2\/pages"}],"about":[{"href":"https:\/\/proyectocitrino.com\/index.php\/wp-json\/wp\/v2\/types\/page"}],"author":[{"embeddable":true,"href":"https:\/\/proyectocitrino.com\/index.php\/wp-json\/wp\/v2\/users\/1"}],"replies":[{"embeddable":true,"href":"https:\/\/proyectocitrino.com\/index.php\/wp-json\/wp\/v2\/comments?post=280"}],"version-history":[{"count":5,"href":"https:\/\/proyectocitrino.com\/index.php\/wp-json\/wp\/v2\/pages\/280\/revisions"}],"predecessor-version":[{"id":6686,"href":"https:\/\/proyectocitrino.com\/index.php\/wp-json\/wp\/v2\/pages\/280\/revisions\/6686"}],"wp:attachment":[{"href":"https:\/\/proyectocitrino.com\/index.php\/wp-json\/wp\/v2\/media?parent=280"}],"curies":[{"name":"wp","href":"https:\/\/api.w.org\/{rel}","templated":true}]}}