{"id":6880,"date":"2020-07-05T20:02:15","date_gmt":"2020-07-06T02:02:15","guid":{"rendered":"https:\/\/proyectocitrino.com\/?page_id=6880"},"modified":"2022-01-02T12:31:35","modified_gmt":"2022-01-02T18:31:35","slug":"cuento-de-fantasia","status":"publish","type":"page","link":"https:\/\/proyectocitrino.com\/index.php\/cuento-de-fantasia\/","title":{"rendered":"Cuento de fantas\u00eda"},"content":{"rendered":"\n<p class=\"has-text-align-center\">Publicado el 2 de enero de 2022.  Disponible hasta el 2 de mayo de 2022.<\/p>\n\n\n\n<p class=\"has-text-align-center\" style=\"font-size:35px\"><strong>El gatopiedra<\/strong><\/p>\n\n\n\n<p class=\"has-text-align-right\">Por Jos\u00e9 Roberto Saravia<\/p>\n\n\n\n<div class=\"wp-block-group\"><div class=\"wp-block-group__inner-container is-layout-flow wp-block-group-is-layout-flow\">\n<div class=\"wp-block-group is-layout-flow wp-block-group-is-layout-flow\"><div class=\"wp-block-group__inner-container\"><\/div><\/div>\n<\/div><\/div>\n\n\n\n<p>Hagan silencio, que les voy a relatar una historia muy, muy extra\u00f1a. \u00bfA ustedes les gustan las historias extra\u00f1as? \u00bfS\u00ed? \u00a1Pues esta es de lo m\u00e1s extra\u00f1o que alguien se pueda imaginar! \u00a1Es la historia del Gatopiedra!<\/p>\n\n\n\n<p>Dicen que hace mucho tiempo, en el mundo de las hadas, hab\u00eda un gran problema. Sin saber por d\u00f3nde, las hadas de pronto vieron llegar a sus diminutos hogares, escondidos entre los arbustos del bosque, la espantosa figura de un basilisco\u2026<\/p>\n\n\n\n<p>\u00bfC\u00f3mo que qu\u00e9 es un basilisco?<\/p>\n\n\n\n<p>No, no es esa pieza dulce con forma de tap\u00f3n de corcho y que es deliciosa asada al calor de la fogata. \u00a1Ese se llama malvavisco!<\/p>\n\n\n\n<p>Un basilisco es un monstruo terrible. Nace de un huevo de gallina empollado por un sapo, y puede verse como una serpiente con cresta, o tambi\u00e9n como una criatura con cuerpo de serpiente, patas de ave y alas espinosas. Sin embargo, lo peor del basilisco es que mata con su mirada y con su aliento envenena todo a su alrededor. \u00a1Incluso parte las piedras con \u00e9l!<\/p>\n\n\n\n<p>Las pobres hadas sab\u00edan que su reino estaba condenado. Ni siquiera con su magia podr\u00edan derrotar al invasor, que mientras avanzaba, iba convirtiendo los frondosos \u00e1rboles del bosque en troncos chamuscados, y la hierba cubierta de flores en arena calcinada de un desierto triste.<\/p>\n\n\n\n<p>\u2013 \u00a1Tenemos que hacer algo! \u2013 le dijo Akhra, la princesa de las hadas, a su hermanita Rhyni.<\/p>\n\n\n\n<p>\u2013 \u00bfPero qu\u00e9 hacemos? \u2013 pregunt\u00f3 la hermana menor. \u2013 \u00a1Ni siquiera podemos ver al monstruo reflejado porque su vista nos convertir\u00eda en piedra!<\/p>\n\n\n\n<p>Akhra pens\u00f3. No sab\u00eda qu\u00e9 hacer, pero sab\u00eda d\u00f3nde encontrar el conocimiento: \u2013 \u00a1Vamos a la biblioteca! \u2013sugiri\u00f3 apremiante.<\/p>\n\n\n\n<p>Una vez all\u00ed, presurosas, las dos hadas buscaron entre los libros alguno que les hablara del terrible monstruo que destru\u00eda su hogar. Hallaron uno y lo abrieron a toda prisa.<\/p>\n\n\n\n<p>\u2013 El enemigo del basilisco es la comadreja. \u00a1Una comadreja lo matar\u00e1 con su olor!<\/p>\n\n\n\n<p>\u2013 \u00a1Ya mismo voy a traer una! \u2013 exclam\u00f3 Rhyni, desplegando sus alas de mariposa para flotar en el aire de la noche.<\/p>\n\n\n\n<p>\u2013 \u00a1Espera! \u2013 la detuvo su hermana mayor. \u2013 Si hacemos que el basilisco se enfrente a la comadreja, \u00e9sta lo matar\u00e1, pero la pobre tambi\u00e9n morir\u00e1. \u00a1Yo no quiero que eso pase, aunque estemos desesperadas!<\/p>\n\n\n\n<p>Rhyni se detuvo al instante, con grandes l\u00e1grimas en sus ojos. Ella tampoco deseaba sacrificar a una pobre comadreja. \u2013 \u00bfNo hay otra forma de acabar con el basilisco? \u2013 interrog\u00f3 de nuevo.<\/p>\n\n\n\n<p>Akhra revis\u00f3 en otras p\u00e1ginas.<\/p>\n\n\n\n<p>\u2013 El canto de un gallo lo matar\u00e1 instant\u00e1neamente\u2026 \u2013 ley\u00f3 en voz alta.<\/p>\n\n\n\n<p>\u2013 \u00a1Pero la comarca de los humanos est\u00e1 demasiado lejos! \u00a1Para cuando lleguemos all\u00e1 y regresemos con el gallo, todo el reino estar\u00e1 reducido a cenizas y arena!<\/p>\n\n\n\n<p>Las dos haditas dejaron escapar un largo suspiro. Se miraron en silencio, pero un grito a la distancia las regres\u00f3 a su realidad. \u00a1El basilisco se acercaba a la biblioteca!<\/p>\n\n\n\n<p>Las dos hermanas volaron a toda prisa y apenas lograron escapar del monstruo invasor. Viajaron zigzagueando entre las ramas de los arbustos, buscando un gallo aunque sab\u00edan que no hallar\u00edan ninguno por all\u00ed.<\/p>\n\n\n\n<p>Cansadas de volar, se detuvieron en un lirio de agua. A unos metros de ellas, pudieron notar dos ojos incandescentes que las miraban curiosos.<\/p>\n\n\n\n<p>\u2013 \u00bfY si convertimos alg\u00fan animal en un gallo con nuestra magia? \u2013 se atrevi\u00f3 a sugerir el hada m\u00e1s joven, apuntando hacia los dos ojos que, como faroles, se manten\u00edan fijos en ellas. Despu\u00e9s de un rato, el animal se dej\u00f3 ver. Era un gato pardo, que probablemente andaba de cacer\u00eda.<\/p>\n\n\n\n<p>\u2013 \u00bfTe refieres a ese gato que nos mira? \u00a1Pero para efectuar ese tipo de magia se requiere el poder de al menos seis hadas y nosotras somos s\u00f3lo dos! \u2013 le record\u00f3 el hada mayor.<\/p>\n\n\n\n<p>\u2013 Vale la pena intentarlo, \u00bfo no? \u00a1Es lo \u00fanico que podemos hacer! \u2013 insisti\u00f3 la menor.<\/p>\n\n\n\n<p>Las dos hadas volaron hasta el gato y le pidieron permiso para transformarlo en un gallo.<\/p>\n\n\n\n<p>El gato las mir\u00f3, ofendido.<\/p>\n\n\n\n<p>\u2013 Est\u00e1n pidi\u00e9ndome algo demasiado vergonzoso. Un gato come aves\u2026 transformarme en una ser\u00eda el peor insulto para m\u00ed, solamente por encima de convertirme en un rat\u00f3n. \u2013 les respondi\u00f3, lami\u00e9ndose su pata delantera izquierda.<\/p>\n\n\n\n<p>\u2013 S\u00ed, tiene raz\u00f3n. Lo sentimos \u2013 convinieron las dos hadas, con un nudo en la garganta.<\/p>\n\n\n\n<p>El felino, al ver la expresi\u00f3n de derrota en ellas y al notar las l\u00e1grimas que empezaban a escapar de sus hermosos ojos, sinti\u00f3 pena por las criaturas m\u00e1gicas.<\/p>\n\n\n\n<p>\u2013 Por otro lado, los gatos somos muy curiosos\u2026 y yo siempre he sentido curiosidad por saber qu\u00e9 se siente ser un gallo. \u2013 agreg\u00f3 el felino, ahora lami\u00e9ndose la otra pata.<\/p>\n\n\n\n<p>Las hadas abrazaron al gato que, fastidiado, se alej\u00f3 unos pasos y se sent\u00f3 elegantemente.<\/p>\n\n\n\n<p>\u2013 Pero si algo sale mal, deben prometerme que se har\u00e1n cargo de mi familia. Mi esposa acaba de tener una camada de cinco gatitos y yo andaba buscando un bocado para llevarle a ella. Viven en el tronco hueco de por all\u00e1. \u2013 les dijo, se\u00f1alando con su nariz la direcci\u00f3n.<\/p>\n\n\n\n<p>Las dos hadas prometieron solemnemente que se har\u00edan cargo de la familia gatuna si el plan fallaba y, concentrando todas sus fuerzas y su magia, transformaron al gato pardo en un soberbio gallo.<\/p>\n\n\n\n<p>\u2013 \u00a1S\u00edguenos! \u2013 le pidieron al ave, que vol\u00f3 tras las dos hermanas.<\/p>\n\n\n\n<p>En unos minutos ya hab\u00edan llegado al lugar que el basilisco hab\u00eda transformado en un caos.<\/p>\n\n\n\n<p>\u2013 \u00a1Ahora, canta! \u2013 le pidieron al gallo.<\/p>\n\n\n\n<p>El gallo vol\u00f3 hasta un arbusto, justo detr\u00e1s del monstruo destructor, agit\u00f3 sus alas y cant\u00f3:<\/p>\n\n\n\n<p>\u2013 \u00a1Miaaaaaauuuuuuuuuuuuuuuuuu!<\/p>\n\n\n\n<p>\u00a1La magia estaba desvaneci\u00e9ndose! \u00a1Ahora el gallo ten\u00eda cabeza de gato!<\/p>\n\n\n\n<p>El basilisco, furioso, se volte\u00f3 para lanzarle a quien lo molestaba una buena bocanada de aire envenenado o una mirada letal, pero ya el gato, que s\u00f3lo conservaba las alas de gallo, hab\u00eda volado a otra parte, justo cerca de un charco.<\/p>\n\n\n\n<p>\u2013 \u00a1No veas los ojos del monstruo! \u2013 le gritaron las hadas al felino alado.<\/p>\n\n\n\n<p>Fue demasiado tarde, el curioso gato hab\u00eda mirado en el reflejo del charco los ojos de su enemigo\u2026 y se hab\u00eda transformado en piedra.<\/p>\n\n\n\n<p>El basilisco, usando su cola como l\u00e1tigo, parti\u00f3 la p\u00e9trea figura del gato en mil pedazos. Luego rept\u00f3 velozmente hacia las dos hadas. Estaba por abalanzarse sobre ellas cuando recibi\u00f3 un golpe en el costado que lo hizo caer a varios metros de donde estaban las dos hermanitas.<\/p>\n\n\n\n<p>\u00a1Se trataba del gato! \u00a1Su cuerpo, de piedra, luc\u00eda extra\u00f1o, y sus ojos brillaban como espejos que reflejaban la luna! Ya no era un gato pardo; \u00a1Ahora era un aut\u00e9ntico Gatopiedra!<\/p>\n\n\n\n<p>El reptil diab\u00f3lico le lanz\u00f3 otro coletazo al gato, volviendo a partirlo en miles de pedazos.<\/p>\n\n\n\n<p>Sin embargo, cuando se volte\u00f3 para buscar a las dos hadas, recibi\u00f3 un terrible ara\u00f1azo que le rasg\u00f3 sus duras escamas cual si fueran de papel.<\/p>\n\n\n\n<p>\u00a1Era de nuevo el gato! \u00a1Como su cuerpo era de piedra, sus zarpas eran ahora diamantes!<\/p>\n\n\n\n<p>El basilisco, furibundo, se lanz\u00f3 hacia el gato y lo parti\u00f3 en mil guijarros, pero el obstinado felino, ahora con su cuerpo hecho de guijarros le propin\u00f3 un tremendo mordisco de cuarzo a la bestia reptilesca. Cuando el monstruo fij\u00f3 su mirada en los grandes ojos del gato, vio su propio reflejo y cay\u00f3 muerto en ese instante.<\/p>\n\n\n\n<p>\u00a1El Gatopiedra hab\u00eda vencido!<\/p>\n\n\n\n<p>\u2013 La magia de las hadas permiti\u00f3 al gato usar una de sus vidas en el cuerpo de piedra, \u2013 le explic\u00f3 el Hada Anciana a todos, \u2013 lo malo es que es imposible volver al gato a su estado original. Al retirar la magia, el pobre felino morir\u00e1.<\/p>\n\n\n\n<p>\u2013 No se preocupen, \u2013 interrumpi\u00f3 el Gatopiedra. \u2013 Los gatos somos muy curiosos y yo siempre hab\u00eda querido saber qu\u00e9 se siente tener un cuerpo hecho de muchas piedritas. \u2013 les asegur\u00f3.<\/p>\n\n\n\n<p>Las hadas le dieron las gracias al gato y como recompensa, le aseguraron que cuidar\u00edan por siempre de \u00e9l, de su familia, y de todos los gatos del mundo.<\/p>\n\n\n\n<p>El Gatopiedra se despidi\u00f3 de las hadas, quienes incluso escribieron un libro en su honor: \u201cLa historia del Gatopiedra\u201d.<\/p>\n\n\n\n<p>\u00bfY qu\u00e9 fue del curioso felino con cuerpo de guijarros?<\/p>\n\n\n\n<p>Cuando las hadas fueron a visitar el tronco de la familia gatuna, cuentan que encontraron a cinco robustos gatitos jugando entusiasmados, cada uno con una piedrita redondeada y lisa.<\/p>\n\n\n\n<div class=\"wp-block-image\"><figure class=\"aligncenter size-large\"><img data-recalc-dims=\"1\" loading=\"lazy\" decoding=\"async\" width=\"372\" height=\"550\" src=\"https:\/\/i0.wp.com\/proyectocitrino.com\/wp-content\/uploads\/2022\/01\/Basilisco-vs-gato-piedra-peq-1.png?resize=372%2C550&#038;ssl=1\" alt=\"\" class=\"wp-image-7592\" srcset=\"https:\/\/i0.wp.com\/proyectocitrino.com\/wp-content\/uploads\/2022\/01\/Basilisco-vs-gato-piedra-peq-1.png?w=372&amp;ssl=1 372w, https:\/\/i0.wp.com\/proyectocitrino.com\/wp-content\/uploads\/2022\/01\/Basilisco-vs-gato-piedra-peq-1.png?resize=203%2C300&amp;ssl=1 203w, https:\/\/i0.wp.com\/proyectocitrino.com\/wp-content\/uploads\/2022\/01\/Basilisco-vs-gato-piedra-peq-1.png?resize=250%2C370&amp;ssl=1 250w, https:\/\/i0.wp.com\/proyectocitrino.com\/wp-content\/uploads\/2022\/01\/Basilisco-vs-gato-piedra-peq-1.png?resize=300%2C444&amp;ssl=1 300w\" sizes=\"auto, (max-width: 372px) 100vw, 372px\" \/><figcaption>Ilustraci\u00f3n: Alex Firefly<\/figcaption><\/figure><\/div>\n\n\n\n<hr class=\"wp-block-separator\"\/>\n\n\n\n<p><strong>Publicado con permiso del autor bajo la licencia de <em>Creative Commons<\/em>:<\/strong><\/p>\n\n\n\n<div class=\"wp-block-image\"><figure class=\"aligncenter size-large is-resized\"><img data-recalc-dims=\"1\" loading=\"lazy\" decoding=\"async\" src=\"https:\/\/i0.wp.com\/proyectocitrino.com\/wp-content\/uploads\/2020\/07\/by-nc-nd-eu_4.png?resize=194%2C68&#038;ssl=1\" alt=\"\" class=\"wp-image-6958\" width=\"194\" height=\"68\" srcset=\"https:\/\/i0.wp.com\/proyectocitrino.com\/wp-content\/uploads\/2020\/07\/by-nc-nd-eu_4.png?w=403&amp;ssl=1 403w, https:\/\/i0.wp.com\/proyectocitrino.com\/wp-content\/uploads\/2020\/07\/by-nc-nd-eu_4.png?resize=300%2C105&amp;ssl=1 300w, https:\/\/i0.wp.com\/proyectocitrino.com\/wp-content\/uploads\/2020\/07\/by-nc-nd-eu_4.png?resize=250%2C87&amp;ssl=1 250w\" sizes=\"auto, (max-width: 194px) 100vw, 194px\" \/><\/figure><\/div>\n\n\n\n<p><\/p>\n","protected":false},"excerpt":{"rendered":"<p>Publicado el 2 de enero de 2022. Disponible hasta el 2 de mayo de 2022. El gatopiedra Por Jos\u00e9 Roberto Saravia Hagan silencio, que les voy a relatar una historia&hellip; <\/p>\n","protected":false},"author":1,"featured_media":0,"parent":0,"menu_order":0,"comment_status":"closed","ping_status":"closed","template":"","meta":{"om_disable_all_campaigns":false,"_monsterinsights_skip_tracking":false,"_monsterinsights_sitenote_active":false,"_monsterinsights_sitenote_note":"","_monsterinsights_sitenote_category":0,"footnotes":""},"class_list":["post-6880","page","type-page","status-publish","hentry"],"jetpack_sharing_enabled":true,"_links":{"self":[{"href":"https:\/\/proyectocitrino.com\/index.php\/wp-json\/wp\/v2\/pages\/6880","targetHints":{"allow":["GET"]}}],"collection":[{"href":"https:\/\/proyectocitrino.com\/index.php\/wp-json\/wp\/v2\/pages"}],"about":[{"href":"https:\/\/proyectocitrino.com\/index.php\/wp-json\/wp\/v2\/types\/page"}],"author":[{"embeddable":true,"href":"https:\/\/proyectocitrino.com\/index.php\/wp-json\/wp\/v2\/users\/1"}],"replies":[{"embeddable":true,"href":"https:\/\/proyectocitrino.com\/index.php\/wp-json\/wp\/v2\/comments?post=6880"}],"version-history":[{"count":23,"href":"https:\/\/proyectocitrino.com\/index.php\/wp-json\/wp\/v2\/pages\/6880\/revisions"}],"predecessor-version":[{"id":7593,"href":"https:\/\/proyectocitrino.com\/index.php\/wp-json\/wp\/v2\/pages\/6880\/revisions\/7593"}],"wp:attachment":[{"href":"https:\/\/proyectocitrino.com\/index.php\/wp-json\/wp\/v2\/media?parent=6880"}],"curies":[{"name":"wp","href":"https:\/\/api.w.org\/{rel}","templated":true}]}}