{"id":6892,"date":"2020-07-05T20:12:17","date_gmt":"2020-07-06T02:12:17","guid":{"rendered":"https:\/\/proyectocitrino.com\/?page_id=6892"},"modified":"2022-01-02T13:44:56","modified_gmt":"2022-01-02T19:44:56","slug":"poesia","status":"publish","type":"page","link":"https:\/\/proyectocitrino.com\/index.php\/poesia\/","title":{"rendered":"Poes\u00eda"},"content":{"rendered":"\n<h4 class=\"has-text-align-center wp-block-heading\">Poema III<\/h4>\n\n\n\n<p class=\"has-text-align-right\">An\u00f3nimo<\/p>\n\n\n<div dir=\"auto\">\n<div class=\"gmail_default\">Gu\u00e1rdame en momentos, d\u00f3nales\u00a0mi\u00a0cuerpo\u00a0<\/div>\n<div dir=\"auto\">\u00a0<\/div>\nA tu lado, prob\u00e9 los d\u00edas,<br \/>remojados del agridulce de la vida<br \/><br \/><\/div>\n<div dir=\"auto\">Padec\u00ed, re\u00ed, amor sent\u00ed<br \/>e igual que t\u00fa y aquel<br \/>me apercib\u00ed<br \/>de la asfixiante decepci\u00f3n<br \/>de no entender de este camino la raz\u00f3n<br \/><br \/><\/div>\n<div dir=\"auto\">La busqu\u00e9 entonces<br \/>y ha sido all\u00ed,<br \/>en el matiz de la otredad,<br \/>que una ma\u00f1ana descubr\u00ed<br \/>mis intenciones de seguir<br \/><br \/><\/div>\n<div dir=\"auto\">Mas hoy no as\u00ed<br \/>presente, aqu\u00ed,<br \/>pues de mi piel me desped\u00ed<br \/><br \/><\/div>\n<div dir=\"auto\">En paz te ruega mi alma<br \/>con gratitud dejarla marchar,<br \/>regal\u00e1ndome la eternidad<br \/>que estos mis restos<br \/>\n<div class=\"gmail_default\">al saber le quieren dar&#8230;<\/div>\n<\/div>\n<p>\u00a0<\/p>\n\n\n<hr class=\"wp-block-separator\"\/>\n\n\n\n<p style=\"font-size:12px\"><\/p>\n\n\n\n<p>Publicado el 2 de enero de 2022. Disponible hasta el 2 de mayo de 2022.<\/p>\n\n\n\n<p><strong>Publicado con permiso del autor bajo la licencia de <em>Creative Commons<\/em>:<\/strong><\/p>\n\n\n\n<div class=\"wp-block-image\"><figure class=\"aligncenter size-large is-resized\"><img data-recalc-dims=\"1\" loading=\"lazy\" decoding=\"async\" src=\"https:\/\/i0.wp.com\/proyectocitrino.com\/wp-content\/uploads\/2020\/07\/by-nc-nd-eu_4.png?resize=197%2C69&#038;ssl=1\" alt=\"\" class=\"wp-image-6958\" width=\"197\" height=\"69\" srcset=\"https:\/\/i0.wp.com\/proyectocitrino.com\/wp-content\/uploads\/2020\/07\/by-nc-nd-eu_4.png?w=403&amp;ssl=1 403w, https:\/\/i0.wp.com\/proyectocitrino.com\/wp-content\/uploads\/2020\/07\/by-nc-nd-eu_4.png?resize=300%2C105&amp;ssl=1 300w, https:\/\/i0.wp.com\/proyectocitrino.com\/wp-content\/uploads\/2020\/07\/by-nc-nd-eu_4.png?resize=250%2C87&amp;ssl=1 250w\" sizes=\"auto, (max-width: 197px) 100vw, 197px\" \/><\/figure><\/div>\n","protected":false},"excerpt":{"rendered":"<p>Poema III An\u00f3nimo Gu\u00e1rdame en momentos, d\u00f3nales\u00a0mi\u00a0cuerpo\u00a0 \u00a0 A tu lado, prob\u00e9 los d\u00edas,remojados del agridulce de la vida Padec\u00ed, re\u00ed, amor sent\u00ede igual que t\u00fa y aquelme apercib\u00edde la&hellip; <\/p>\n","protected":false},"author":1,"featured_media":0,"parent":0,"menu_order":0,"comment_status":"closed","ping_status":"closed","template":"","meta":{"om_disable_all_campaigns":false,"_monsterinsights_skip_tracking":false,"_monsterinsights_sitenote_active":false,"_monsterinsights_sitenote_note":"","_monsterinsights_sitenote_category":0,"footnotes":""},"class_list":["post-6892","page","type-page","status-publish","hentry"],"jetpack_sharing_enabled":true,"_links":{"self":[{"href":"https:\/\/proyectocitrino.com\/index.php\/wp-json\/wp\/v2\/pages\/6892","targetHints":{"allow":["GET"]}}],"collection":[{"href":"https:\/\/proyectocitrino.com\/index.php\/wp-json\/wp\/v2\/pages"}],"about":[{"href":"https:\/\/proyectocitrino.com\/index.php\/wp-json\/wp\/v2\/types\/page"}],"author":[{"embeddable":true,"href":"https:\/\/proyectocitrino.com\/index.php\/wp-json\/wp\/v2\/users\/1"}],"replies":[{"embeddable":true,"href":"https:\/\/proyectocitrino.com\/index.php\/wp-json\/wp\/v2\/comments?post=6892"}],"version-history":[{"count":10,"href":"https:\/\/proyectocitrino.com\/index.php\/wp-json\/wp\/v2\/pages\/6892\/revisions"}],"predecessor-version":[{"id":7608,"href":"https:\/\/proyectocitrino.com\/index.php\/wp-json\/wp\/v2\/pages\/6892\/revisions\/7608"}],"wp:attachment":[{"href":"https:\/\/proyectocitrino.com\/index.php\/wp-json\/wp\/v2\/media?parent=6892"}],"curies":[{"name":"wp","href":"https:\/\/api.w.org\/{rel}","templated":true}]}}

Poesía

<h4 class="has-text-align-center wp-block-heading">Poema III</h4>



<p class="has-text-align-right">Anónimo</p>


<div dir="auto">
<div class="gmail_default">Guárdame en momentos, dónales mi cuerpo </div>
<div dir="auto"> </div>
A tu lado, probé los días,<br />remojados del agridulce de la vida<br /><br /></div>
<div dir="auto">Padecí, reí, amor sentí<br />e igual que tú y aquel<br />me apercibí<br />de la asfixiante decepción<br />de no entender de este camino la razón<br /><br /></div>
<div dir="auto">La busqué entonces<br />y ha sido allí,<br />en el matiz de la otredad,<br />que una mañana descubrí<br />mis intenciones de seguir<br /><br /></div>
<div dir="auto">Mas hoy no así<br />presente, aquí,<br />pues de mi piel me despedí<br /><br /></div>
<div dir="auto">En paz te ruega mi alma<br />con gratitud dejarla marchar,<br />regalándome la eternidad<br />que estos mis restos<br />
<div class="gmail_default">al saber le quieren dar&#8230;</div>
</div>
<p> </p>


<hr class="wp-block-separator"/>



<p style="font-size:12px"></p>



<p>Publicado el 2 de enero de 2022. Disponible hasta el 2 de mayo de 2022.</p>



<p><strong>Publicado con permiso del autor bajo la licencia de <em>Creative Commons</em>:</strong></p>



<div class="wp-block-image"><figure class="aligncenter size-large is-resized"><img data-recalc-dims="1" loading="lazy" decoding="async" src="https://i0.wp.com/proyectocitrino.com/wp-content/uploads/2020/07/by-nc-nd-eu_4.png?resize=197%2C69&#038;ssl=1" alt="" class="wp-image-6958" width="197" height="69" srcset="https://i0.wp.com/proyectocitrino.com/wp-content/uploads/2020/07/by-nc-nd-eu_4.png?w=403&amp;ssl=1 403w, https://i0.wp.com/proyectocitrino.com/wp-content/uploads/2020/07/by-nc-nd-eu_4.png?resize=300%2C105&amp;ssl=1 300w, https://i0.wp.com/proyectocitrino.com/wp-content/uploads/2020/07/by-nc-nd-eu_4.png?resize=250%2C87&amp;ssl=1 250w" sizes="auto, (max-width: 197px) 100vw, 197px" /></figure></div>

<p>Poema III Anónimo Guárdame en momentos, dónales mi cuerpo    A tu lado, probé los días,remojados del agridulce de la vida Padecí, reí, amor sentíe igual que tú y aquelme apercibíde la&hellip; </p>
