{"id":626,"date":"2019-08-26T15:00:46","date_gmt":"2019-08-26T21:00:46","guid":{"rendered":"https:\/\/proyectocitrino.com\/?post_type=product&#038;p=626"},"modified":"2021-11-01T00:23:42","modified_gmt":"2021-11-01T06:23:42","slug":"pura-navidad-homenaje-a-clasicos-navidenos","status":"publish","type":"product","link":"https:\/\/proyectocitrino.com\/index.php\/producto\/pura-navidad-homenaje-a-clasicos-navidenos\/","title":{"rendered":"Pura Navidad: Homenaje a cl\u00e1sicos navide\u00f1os (cuentos)"},"content":{"rendered":"<p>La Navidad es una celebraci\u00f3n muy especial, en la que las personas, grandes y peque\u00f1as, disfrutan con sus seres queridos e intercambian regalos. Tambi\u00e9n es un tiempo de reflexi\u00f3n, espiritualidad, y hasta de melancol\u00eda para algunos.<\/p>\n<p><em>Pura Navidad<\/em> es una colecci\u00f3n de historias en las que sus autores, sin olvidar su estilo costarricense, han querido ofrecer un merecido tributo a 6 cl\u00e1sicos navide\u00f1os, que los marcaron en su ni\u00f1ez.<\/p>\n","protected":false},"excerpt":{"rendered":"<p>6 cuentos navide\u00f1os cl\u00e1sicos reinventados<\/p>\n","protected":false},"featured_media":36,"comment_status":"open","ping_status":"closed","template":"","meta":{"om_disable_all_campaigns":false,"_monsterinsights_skip_tracking":false,"_monsterinsights_sitenote_active":false,"_monsterinsights_sitenote_note":"","_monsterinsights_sitenote_category":0},"product_brand":[],"product_cat":[37],"product_tag":[58,31,57,56,33],"class_list":{"0":"post-626","1":"product","2":"type-product","3":"status-publish","4":"has-post-thumbnail","6":"product_cat-cuentos","7":"product_tag-clasicos","8":"product_tag-cuentos","9":"product_tag-homenaje","10":"product_tag-navidad","11":"product_tag-variados","13":"first","14":"instock","15":"shipping-taxable","16":"purchasable","17":"product-type-simple"},"jetpack_sharing_enabled":true,"_links":{"self":[{"href":"https:\/\/proyectocitrino.com\/index.php\/wp-json\/wp\/v2\/product\/626","targetHints":{"allow":["GET"]}}],"collection":[{"href":"https:\/\/proyectocitrino.com\/index.php\/wp-json\/wp\/v2\/product"}],"about":[{"href":"https:\/\/proyectocitrino.com\/index.php\/wp-json\/wp\/v2\/types\/product"}],"replies":[{"embeddable":true,"href":"https:\/\/proyectocitrino.com\/index.php\/wp-json\/wp\/v2\/comments?post=626"}],"wp:featuredmedia":[{"embeddable":true,"href":"https:\/\/proyectocitrino.com\/index.php\/wp-json\/wp\/v2\/media\/36"}],"wp:attachment":[{"href":"https:\/\/proyectocitrino.com\/index.php\/wp-json\/wp\/v2\/media?parent=626"}],"wp:term":[{"taxonomy":"product_brand","embeddable":true,"href":"https:\/\/proyectocitrino.com\/index.php\/wp-json\/wp\/v2\/product_brand?post=626"},{"taxonomy":"product_cat","embeddable":true,"href":"https:\/\/proyectocitrino.com\/index.php\/wp-json\/wp\/v2\/product_cat?post=626"},{"taxonomy":"product_tag","embeddable":true,"href":"https:\/\/proyectocitrino.com\/index.php\/wp-json\/wp\/v2\/product_tag?post=626"}],"curies":[{"name":"wp","href":"https:\/\/api.w.org\/{rel}","templated":true}]}}