{"id":7288,"date":"2021-02-01T22:04:20","date_gmt":"2021-02-02T04:04:20","guid":{"rendered":"https:\/\/proyectocitrino.com\/?post_type=product&#038;p=7288"},"modified":"2021-07-20T15:29:40","modified_gmt":"2021-07-20T21:29:40","slug":"familia","status":"publish","type":"product","link":"https:\/\/proyectocitrino.com\/index.php\/producto\/familia\/","title":{"rendered":"Familia"},"content":{"rendered":"<p>\u00a1Un gatito se ha perdido! No ve a su madre y tampoco sabe c\u00f3mo regresar a su hogar. Aunque est\u00e1 muy asustado, no se deja vencer por el miedo y est\u00e1 decidido a encontrar a su mam\u00e1. Sin importar cu\u00e1nto tiempo deba buscar, \u00e9l quiere volver a reunirse con su familia. En el camino encuentra a una vaca muy amable que le ofrece su ayuda sin ninguna condici\u00f3n y juntos viajan por el campo buscando a la familia del gatito.<\/p>\n<p>\u00bfPodr\u00e1 el peque\u00f1o encontrar a su madre? \u00bfSe reunir\u00e1 la familia otra vez?<\/p>\n<p>Familia es una tierna historia que nos permite descubrir lo verdaderamente importante en las familias: el amor.<\/p>\n<p>32 p\u00e1ginas. Ilustraciones a color.<\/p>\n","protected":false},"excerpt":{"rendered":"<p>Autora: Patricia Araya.\u00a0 Ilustraciones: Alex Firefly<\/p>\n<p>Familia es una tierna historia que nos permite descubrir lo verdaderamente importante en las familias: el amor.<\/p>\n<p>32 p\u00e1ginas. Ilustraciones a color.<\/p>\n","protected":false},"featured_media":7266,"comment_status":"open","ping_status":"closed","template":"","meta":{"om_disable_all_campaigns":false,"_monsterinsights_skip_tracking":false,"_monsterinsights_sitenote_active":false,"_monsterinsights_sitenote_note":"","_monsterinsights_sitenote_category":0},"product_brand":[],"product_cat":[37,41,64],"product_tag":[],"class_list":{"0":"post-7288","1":"product","2":"type-product","3":"status-publish","4":"has-post-thumbnail","6":"product_cat-cuentos","7":"product_cat-infantil","8":"product_cat-citrino","10":"first","11":"instock","12":"shipping-taxable","13":"purchasable","14":"product-type-simple"},"jetpack_sharing_enabled":true,"_links":{"self":[{"href":"https:\/\/proyectocitrino.com\/index.php\/wp-json\/wp\/v2\/product\/7288","targetHints":{"allow":["GET"]}}],"collection":[{"href":"https:\/\/proyectocitrino.com\/index.php\/wp-json\/wp\/v2\/product"}],"about":[{"href":"https:\/\/proyectocitrino.com\/index.php\/wp-json\/wp\/v2\/types\/product"}],"replies":[{"embeddable":true,"href":"https:\/\/proyectocitrino.com\/index.php\/wp-json\/wp\/v2\/comments?post=7288"}],"wp:featuredmedia":[{"embeddable":true,"href":"https:\/\/proyectocitrino.com\/index.php\/wp-json\/wp\/v2\/media\/7266"}],"wp:attachment":[{"href":"https:\/\/proyectocitrino.com\/index.php\/wp-json\/wp\/v2\/media?parent=7288"}],"wp:term":[{"taxonomy":"product_brand","embeddable":true,"href":"https:\/\/proyectocitrino.com\/index.php\/wp-json\/wp\/v2\/product_brand?post=7288"},{"taxonomy":"product_cat","embeddable":true,"href":"https:\/\/proyectocitrino.com\/index.php\/wp-json\/wp\/v2\/product_cat?post=7288"},{"taxonomy":"product_tag","embeddable":true,"href":"https:\/\/proyectocitrino.com\/index.php\/wp-json\/wp\/v2\/product_tag?post=7288"}],"curies":[{"name":"wp","href":"https:\/\/api.w.org\/{rel}","templated":true}]}}