{"id":7344,"date":"2021-04-16T16:24:08","date_gmt":"2021-04-16T22:24:08","guid":{"rendered":"https:\/\/proyectocitrino.com\/?post_type=product&#038;p=7344"},"modified":"2021-12-17T12:41:38","modified_gmt":"2021-12-17T18:41:38","slug":"el-mecanismo-de-nemesis","status":"publish","type":"product","link":"https:\/\/proyectocitrino.com\/index.php\/producto\/el-mecanismo-de-nemesis\/","title":{"rendered":"El mecanismo de N\u00e9mesis"},"content":{"rendered":"<p>Cuatro a\u00f1os despu\u00e9s de la lucha en el Amazonas, la tripulaci\u00f3n de la <i>Brukoa<\/i> viaja a Etiop\u00eda para detener al villano Oculus Kral, quien se ha vuelto m\u00e1s despiadado que nunca, y a los temibles cinoc\u00e9falos. \u00bfQu\u00e9 se traen entre manos? Los h\u00e9roes primero deben averiguar los planes del malvado cient\u00edfico. Adem\u00e1s, Sai, la guerrera cibern\u00e9tica, dirigir\u00e1 esta vez a un grupo de j\u00f3venes sin experiencia a bordo de la <i>Guaria Morada<\/i> para rescatar al Viajero, que fue capturado por los enemigos. Durante el viaje, Sai libra su peor batalla: la lucha contra su pasado como la villana m\u00e1s letal del mundo conocido. La capitana de la <i>Guaria Morada<\/i> se debate entre actuar como la admirable hero\u00edna en la que se ha convertido o ceder a su deseo de venganza cuando logre atrapar al mal\u00e9volo Oculus Kral. Sai no lo sabe, pero el mecanismo de N\u00e9mesis ya est\u00e1 en funcionamiento y el resultado final depender\u00e1 de ella.<\/p>\n<p>Cuatro a\u00f1os despu\u00e9s de la lucha en el Amazonas, la tripulaci\u00f3n de la Brukoa viaja a Etiop\u00eda para detener al villano Oculus Kral, quien se ha vuelto m\u00e1s despiadado que nunca, y a los temibles cinoc\u00e9falos. Adem\u00e1s, Sai, la guerrera cibern\u00e9tica, se enfrentar\u00e1 a su peor batalla.<\/p>\n<p>Pulse la imagen siguiente para acceder a una vista previa del libro. Para moverse por \u00e9l, arrastre las puntas de las p\u00e1ginas.<\/p>\n<p><strong><a href=\"https:\/\/proyectocitrino.com\/turnjs4\/samples\/mecanismo\/index.html\" target=\"_blank\" rel=\"noopener noreferrer\"><img data-recalc-dims=\"1\" decoding=\"async\" src=\"https:\/\/i0.wp.com\/proyectocitrino.com\/wp-content\/uploads\/2020\/06\/libro_preview_peq.png?w=1110&#038;ssl=1\" alt=\"\" \/><\/a><\/strong><\/p>\n","protected":false},"excerpt":{"rendered":"<p>De Jos\u00e9 Roberto Saravia<\/p>\n<p>154 p\u00e1ginas, con contenido adicional e ilustraciones por medio de c\u00f3digos QR.<\/p>\n<p>Esta es la parte final de la historia que inici\u00f3 con la novela <em>Los engranajes del tiempo<\/em>. En esta nueva entrega, la guerrera cibern\u00e9tica Sai deber\u00e1 enfrentarse a su m\u00e1s dura batalla mientras los h\u00e9roes luchan por detener al malvado villano Oculus Kral.<\/p>\n<p>&nbsp;<\/p>\n","protected":false},"featured_media":7334,"comment_status":"open","ping_status":"closed","template":"","meta":{"om_disable_all_campaigns":false,"_monsterinsights_skip_tracking":false,"_monsterinsights_sitenote_active":false,"_monsterinsights_sitenote_note":"","_monsterinsights_sitenote_category":0},"product_brand":[],"product_cat":[64,38],"product_tag":[],"class_list":{"0":"post-7344","1":"product","2":"type-product","3":"status-publish","4":"has-post-thumbnail","6":"product_cat-citrino","7":"product_cat-novela","9":"first","10":"instock","11":"shipping-taxable","12":"purchasable","13":"product-type-simple"},"jetpack_sharing_enabled":true,"_links":{"self":[{"href":"https:\/\/proyectocitrino.com\/index.php\/wp-json\/wp\/v2\/product\/7344","targetHints":{"allow":["GET"]}}],"collection":[{"href":"https:\/\/proyectocitrino.com\/index.php\/wp-json\/wp\/v2\/product"}],"about":[{"href":"https:\/\/proyectocitrino.com\/index.php\/wp-json\/wp\/v2\/types\/product"}],"replies":[{"embeddable":true,"href":"https:\/\/proyectocitrino.com\/index.php\/wp-json\/wp\/v2\/comments?post=7344"}],"wp:featuredmedia":[{"embeddable":true,"href":"https:\/\/proyectocitrino.com\/index.php\/wp-json\/wp\/v2\/media\/7334"}],"wp:attachment":[{"href":"https:\/\/proyectocitrino.com\/index.php\/wp-json\/wp\/v2\/media?parent=7344"}],"wp:term":[{"taxonomy":"product_brand","embeddable":true,"href":"https:\/\/proyectocitrino.com\/index.php\/wp-json\/wp\/v2\/product_brand?post=7344"},{"taxonomy":"product_cat","embeddable":true,"href":"https:\/\/proyectocitrino.com\/index.php\/wp-json\/wp\/v2\/product_cat?post=7344"},{"taxonomy":"product_tag","embeddable":true,"href":"https:\/\/proyectocitrino.com\/index.php\/wp-json\/wp\/v2\/product_tag?post=7344"}],"curies":[{"name":"wp","href":"https:\/\/api.w.org\/{rel}","templated":true}]}}