{"id":7798,"date":"2023-08-11T21:14:34","date_gmt":"2023-08-12T03:14:34","guid":{"rendered":"https:\/\/proyectocitrino.com\/?post_type=product&#038;p=7798"},"modified":"2023-08-12T08:54:08","modified_gmt":"2023-08-12T14:54:08","slug":"extraccion-exitosa-y-otras-ciberficciones-cuentos","status":"publish","type":"product","link":"https:\/\/proyectocitrino.com\/index.php\/producto\/extraccion-exitosa-y-otras-ciberficciones-cuentos\/","title":{"rendered":"Extracci\u00f3n exitosa y otras ciberficciones (cuentos)"},"content":{"rendered":"<p><span class=\"Formatted\">Por lo general, se piensa en la ciberficci\u00f3n como un tipo de ficci\u00f3n especulativa en cuya tem\u00e1tica convergen los problemas econ\u00f3micos, tecnol\u00f3gicos y sociales, tal vez en un contexto post apocal\u00edptico o cyberpunk. En ella, la f\u00edsica, la inform\u00e1tica y la biotecnolog\u00eda se unen. Sin embargo, existe otro punto de vista. Gracias a los avances tecnol\u00f3gicos, el texto tradicional est\u00e1 fusion\u00e1ndose con tecnolog\u00edas emergentes y puede volverse una literatura con acceso al ciberespacio, interactiva y dotada de capacidades de multimedios. Es decir, se convierte en una manifestaci\u00f3n m\u00e1s tangible de la ciberficci\u00f3n, aunque sus temas no necesariamente sigan los antes mencionados. Los nueve cuentos de este libro nos abrir\u00e1n la puerta a experiencias de ciberficci\u00f3n, en su forma o contenido, por medio de c\u00f3digos QR.<\/span><\/p>\n","protected":false},"excerpt":{"rendered":"<p>Nueve relatos de ficci\u00f3n especulativa, aumentados con capacidades de multimedios. Doce relatos inquietantes, de mundos paralelos, que nos adentran en lo desconocido. Sin ilustraciones. 128 p\u00e1ginas.<\/p>\n","protected":false},"featured_media":7789,"comment_status":"open","ping_status":"closed","template":"","meta":{"om_disable_all_campaigns":false,"_monsterinsights_skip_tracking":false,"_monsterinsights_sitenote_active":false,"_monsterinsights_sitenote_note":"","_monsterinsights_sitenote_category":0},"product_brand":[],"product_cat":[37,64],"product_tag":[],"class_list":{"0":"post-7798","1":"product","2":"type-product","3":"status-publish","4":"has-post-thumbnail","6":"product_cat-cuentos","7":"product_cat-citrino","9":"first","10":"instock","11":"shipping-taxable","12":"purchasable","13":"product-type-simple"},"jetpack_sharing_enabled":true,"_links":{"self":[{"href":"https:\/\/proyectocitrino.com\/index.php\/wp-json\/wp\/v2\/product\/7798","targetHints":{"allow":["GET"]}}],"collection":[{"href":"https:\/\/proyectocitrino.com\/index.php\/wp-json\/wp\/v2\/product"}],"about":[{"href":"https:\/\/proyectocitrino.com\/index.php\/wp-json\/wp\/v2\/types\/product"}],"replies":[{"embeddable":true,"href":"https:\/\/proyectocitrino.com\/index.php\/wp-json\/wp\/v2\/comments?post=7798"}],"wp:featuredmedia":[{"embeddable":true,"href":"https:\/\/proyectocitrino.com\/index.php\/wp-json\/wp\/v2\/media\/7789"}],"wp:attachment":[{"href":"https:\/\/proyectocitrino.com\/index.php\/wp-json\/wp\/v2\/media?parent=7798"}],"wp:term":[{"taxonomy":"product_brand","embeddable":true,"href":"https:\/\/proyectocitrino.com\/index.php\/wp-json\/wp\/v2\/product_brand?post=7798"},{"taxonomy":"product_cat","embeddable":true,"href":"https:\/\/proyectocitrino.com\/index.php\/wp-json\/wp\/v2\/product_cat?post=7798"},{"taxonomy":"product_tag","embeddable":true,"href":"https:\/\/proyectocitrino.com\/index.php\/wp-json\/wp\/v2\/product_tag?post=7798"}],"curies":[{"name":"wp","href":"https:\/\/api.w.org\/{rel}","templated":true}]}}