{"id":7857,"date":"2023-09-30T15:19:15","date_gmt":"2023-09-30T21:19:15","guid":{"rendered":"https:\/\/proyectocitrino.com\/?post_type=product&#038;p=7857"},"modified":"2023-09-30T15:19:17","modified_gmt":"2023-09-30T21:19:17","slug":"la-bruja-chillona-album-ilustrado","status":"publish","type":"product","link":"https:\/\/proyectocitrino.com\/index.php\/producto\/la-bruja-chillona-album-ilustrado\/","title":{"rendered":"La bruja chillona (\u00e1lbum ilustrado)"},"content":{"rendered":"<div dir=\"auto\">\n<div dir=\"auto\">Autora: Adriana Valenciano Coto<\/div>\n<div dir=\"auto\">Ilustradora: Evelyn Valenciano Coto<\/div>\n<div dir=\"auto\">Dibujos: Carolina Mart\u00ednez Valenciano<\/div>\n<div dir=\"auto\"><\/div>\n<\/div>\n<div dir=\"auto\">Este \u00e1lbum ilustrado pretende que cada lector analice el origen de sus propios temores. De una manera ingenua y divertida, una divertida brujita, la protagonista de la historia, logra encontrar una soluci\u00f3n que le permite manejar sus miedos y vivir con m\u00e1s tranquilidad.<\/div>\n<div dir=\"auto\"><\/div>\n<div dir=\"auto\">Las ilustraciones de esta obra estan basadas en los dibujos de la ni\u00f1a Carolina Mart\u00ednez, quien a la edad de seis a\u00f1os logr\u00f3 plasmar a la bruja chillona\u00a0 y a los personajes de esta historia de una manera divertida, simple y expresiva. Fue as\u00ed como inspir\u00f3 a la ilustradora para lograr una encantadora gr\u00e1fica infantil muy original.<\/div>\n<div dir=\"auto\"><\/div>\n<div dir=\"auto\"><\/div>\n","protected":false},"excerpt":{"rendered":"<p>Un \u00e1lbum ilustrado muy original sobre una brujita que aprende a enfrentar sus temores.<\/p>\n","protected":false},"featured_media":7858,"comment_status":"open","ping_status":"closed","template":"","meta":{"om_disable_all_campaigns":false,"_monsterinsights_skip_tracking":false,"_monsterinsights_sitenote_active":false,"_monsterinsights_sitenote_note":"","_monsterinsights_sitenote_category":0},"product_brand":[],"product_cat":[63,73],"product_tag":[],"class_list":{"0":"post-7857","1":"product","2":"type-product","3":"status-publish","4":"has-post-thumbnail","6":"product_cat-temporada","7":"product_cat-temp-infantil","9":"first","10":"instock","11":"shipping-taxable","12":"purchasable","13":"product-type-simple"},"jetpack_sharing_enabled":true,"_links":{"self":[{"href":"https:\/\/proyectocitrino.com\/index.php\/wp-json\/wp\/v2\/product\/7857","targetHints":{"allow":["GET"]}}],"collection":[{"href":"https:\/\/proyectocitrino.com\/index.php\/wp-json\/wp\/v2\/product"}],"about":[{"href":"https:\/\/proyectocitrino.com\/index.php\/wp-json\/wp\/v2\/types\/product"}],"replies":[{"embeddable":true,"href":"https:\/\/proyectocitrino.com\/index.php\/wp-json\/wp\/v2\/comments?post=7857"}],"wp:featuredmedia":[{"embeddable":true,"href":"https:\/\/proyectocitrino.com\/index.php\/wp-json\/wp\/v2\/media\/7858"}],"wp:attachment":[{"href":"https:\/\/proyectocitrino.com\/index.php\/wp-json\/wp\/v2\/media?parent=7857"}],"wp:term":[{"taxonomy":"product_brand","embeddable":true,"href":"https:\/\/proyectocitrino.com\/index.php\/wp-json\/wp\/v2\/product_brand?post=7857"},{"taxonomy":"product_cat","embeddable":true,"href":"https:\/\/proyectocitrino.com\/index.php\/wp-json\/wp\/v2\/product_cat?post=7857"},{"taxonomy":"product_tag","embeddable":true,"href":"https:\/\/proyectocitrino.com\/index.php\/wp-json\/wp\/v2\/product_tag?post=7857"}],"curies":[{"name":"wp","href":"https:\/\/api.w.org\/{rel}","templated":true}]}}

La bruja chillona (álbum ilustrado)

<div dir="auto">
<div dir="auto">Autora: Adriana Valenciano Coto</div>
<div dir="auto">Ilustradora: Evelyn Valenciano Coto</div>
<div dir="auto">Dibujos: Carolina Martínez Valenciano</div>
<div dir="auto"></div>
</div>
<div dir="auto">Este álbum ilustrado pretende que cada lector analice el origen de sus propios temores. De una manera ingenua y divertida, una divertida brujita, la protagonista de la historia, logra encontrar una solución que le permite manejar sus miedos y vivir con más tranquilidad.</div>
<div dir="auto"></div>
<div dir="auto">Las ilustraciones de esta obra estan basadas en los dibujos de la niña Carolina Martínez, quien a la edad de seis años logró plasmar a la bruja chillona  y a los personajes de esta historia de una manera divertida, simple y expresiva. Fue así como inspiró a la ilustradora para lograr una encantadora gráfica infantil muy original.</div>
<div dir="auto"></div>
<div dir="auto"></div>

<p>Un álbum ilustrado muy original sobre una brujita que aprende a enfrentar sus temores.</p>
